e prime factors of s?
2, 3, 7
What are the prime factors of (-855)/2*(-28)/(-175)*-190?
2, 3, 19
Let o be (-5 - (-1162)/(-21)) + 9/27. Let m(v) = 33*v**2 + 3*v. Let r be m(-2). Let z = r + o. List the prime factors of z.
2, 3, 11
Suppose -8*f + 10848 + 20096 = 0. What are the prime factors of f?
2, 967
Let o be (-6)/(-24) - (-5419)/4. Let p = o + -728. What are the prime factors of p?
3, 11, 19
Let i be -39*(10 + -5 + 222/(-9)). Let q = 1359 - i. List the prime factors of q.
2, 37
Suppose 38*i - 300 = 43*i. What are the prime factors of (1230/25)/(3/i*-6)?
2, 41
Suppose 0 = -l + 6*l - 50. Suppose 3*o = l*o - 2450. List the prime factors of o.
2, 5, 7
Suppose -4*h - 4*k - 340 = 0, -3*h - k = 27 + 220. What are the prime factors of (-294 - h)/((-3)/8)?
2, 71
Suppose 288 = 4*q + 4*n, 2*q - 102 = 4*n + 30. Let r = -66 + q. Suppose h - 3*o = 6*h - 474, -2*h + r*o = -200. What are the prime factors of h?
2, 3
Let b(j) = -j**3 + 20*j**2 - 18*j - 118. What are the prime factors of b(13)?
3, 277
Let j = 132 + -125. List the prime factors of (j/(-1) + 5 + -7)*-7.
3, 7
Suppose -96*k + 48 = -99*k. What are the prime factors of k/(-12)*(324 + 3)?
2, 109
Suppose -46529 = -31*w + 15657. List the prime factors of w.
2, 17, 59
Let u(l) = 28*l**3 - 13*l**2 + 24*l - 111. What are the prime factors of u(8)?
5, 11, 13, 19
Let g = -319 - -319. Suppose -15*d - 3*d + 29088 = g. What are the prime factors of d?
2, 101
What are the prime factors of (364/35)/(14/(-70) + 493/2455)?
2, 13, 491
Suppose 5*v + 69 = 4*r, -2*v - 31 + 4 = -r. Let l = 34 + v. Suppose -l = -b + 3*d - 6*d, d - 29 = -4*b. List the prime factors of b.
2, 3
What are the prime factors of (-553 - -330)/((-2)/46)?
23, 223
Let g(z) = -1099*z + 934. List the prime factors of g(-13).
31, 491
Let r(i) = i**3 - i**2 - 8*i + 2. Let x be r(3). Let y be (1/(x/(-6)))/3*12. Suppose -48 = -y*z + 390. List the prime factors of z.
73
Suppose 0 = 4*b + 239 - 1843. Let j(t) = t**2 - 15*t - 748. Let h be j(-24). Let a = b - h. What are the prime factors of a?
3, 71
List the prime factors of (2 + -6)/(-16) - -1*70807/4.
2, 53, 167
Let m = -123 + 123. Suppose 0 = -2*j - 2*j + 144. Let h = j + m. List the prime factors of h.
2, 3
Let p be (-9 + 9 + 35)*436/10. Let k = p + -782. List the prime factors of k.
2, 3, 31
Suppose -52 = -o - 47. Suppose 4*v - 2548 = -3*a, o*a + 5*v - 4244 = v. What are the prime factors of a?
2, 53
Suppose -264 = 17*c + 263. What are the prime factors of 3 - c/2*2*1?
2, 17
Let p = -269 + 1018. Let s = p - 409. What are the prime factors of s?
2, 5, 17
Suppose -q = -8 + 8. Suppose -4*f - 8 = 0, 4*u + q*u - 86 = -f. Suppose -2*i + u = -168. List the prime factors of i.
5, 19
Let p = -41807 - -58562. What are the prime factors of p?
3, 5, 1117
Let f = 8521 + 4375. List the prime factors of f.
2, 13, 31
Suppose 42*v - 26047 - 71053 = 126004. List the prime factors of v.
2, 83
Suppose -34*w = 37*w - 349604. What are the prime factors of w?
2, 1231
Let m = 136 + -125. Let l(t) = t**3 - 9*t**2 + 15*t - 35. List the prime factors of l(m).
2, 3, 31
Suppose p = -s - 491, -5*s - 3223 = 3*p - 764. Let a = 712 + s. List the prime factors of a.
3, 73
Let u(f) = 3*f + 26. Let q be u(-8). Suppose 3*c + n - 76 = -q*c, -2*c + 33 = 3*n. Suppose 0*p + c = 4*d - 3*p, -5 = -2*d - p. What are the prime factors of d?
3
Let d = 382 + -42. Suppose -5*n - 5*k + 2785 = 0, n - d = 3*k + 213. What are the prime factors of n?
2, 139
Suppose 27760 = -12*w + 88791 + 63577. What are the prime factors of w?
2, 11, 59
Suppose -5*z + 25 = -5. Let s(i) = 312 - 95 + 30*i - 233. What are the prime factors of s(z)?
2, 41
What are the prime factors of (232/(-14) - (-264)/462)*-1*151?
2, 151
Let a(s) = 2923*s - 2118. What are the prime factors of a(8)?
2, 7, 31
Suppose 0 = -33*g + 34*g - 3. Suppose g*k - 99 = -2*s, -2*s + 36 = -4*k - 70. Let m = -45 + s. List the prime factors of m.
2, 3
Suppose 3*z - 3*y = 747, 2*z = -y + 5*y + 490. Let s = z - -104. List the prime factors of s.
3, 7, 17
Let m(k) be the first derivative of -k**5/10 + k**4/24 + 4*k**3/3 - 16. Let v(x) be the third derivative of m(x). What are the prime factors of v(-7)?
5, 17
Suppose o + 2*y - 6*y - 1102 = 0, -3*o = y - 3280. What are the prime factors of o?
2, 547
Suppose 83*b + 3039 = -3601. Suppose 3*y + 769 = -2*x - 0*x, -4*y - 3*x - 1024 = 0. Let a = b - y. What are the prime factors of a?
179
Let a be (152/(-6))/2*(-8484)/56. Suppose 3*u + 4*t = 1147, -5*u + 0*t + a = 3*t. Suppose 3*g + 2*g - u = 0. What are the prime factors of g?
7, 11
Suppose -c + 43*x = 46*x - 3824, -4*x = -5*c + 19082. What are the prime factors of c?
2, 23, 83
Suppose 0 = 14*b - 28*b - 1778. Let o = 322 + b. What are the prime factors of o?
3, 5, 13
Let i = 8507 - -1777. What are the prime factors of i?
2, 3, 857
Let c(s) = -171*s + 67. Let n(v) = -v - 1. Let w(a) = c(a) + 3*n(a). What are the prime factors of w(-2)?
2, 103
Suppose -36*o + 228775 = -63815 - 40266. List the prime factors of o.
2, 3, 23, 67
Suppose 5*d + s - 9654 = 0, 49*s = -4*d + 44*s + 7719. What are the prime factors of d?
1931
Let z = -159 + 151. Let m = z + 77. What are the prime factors of m?
3, 23
Suppose m = -4*u + 5598, -3*u = 5*m + 2073 - 6280. Suppose -2*r = -3*c + u, -2*c + 0*r + 931 = -r. What are the prime factors of c?
463
Let z be (-2)/(0 + (1 - 2)). Let d = 1699 + -1639. Suppose 13 - 1 = -3*l, -z*m = -3*l - d. List the prime factors of m.
2, 3
Let g = 18 - 13. Suppose g*a + 4*y - 8 = 2*y, -2*y + 8 = -3*a. Suppose 0 = -2*c - a*c + 124. List the prime factors of c.
2, 31
Suppose -o + 58757 = 4*z, 176262 = 3*o + 75*z - 72*z. List the prime factors of o.
41, 1433
Suppose -4*x + x + 15 = 0. Suppose -x*q + 0*q + 19 = -3*d, -3*d = -q - 1. Suppose 4*r - q*b = 451, -4*r + 2*b + 285 = -181. List the prime factors of r.
7, 17
Let q = 92 + -100. Let d be (-54)/q*7/((-14)/(-8)). Suppose -23*n = -d*n + 580. What are the prime factors of n?
5, 29
Suppose -3*x = 4*c - 23136, 38560 = 5*x - 4*c + 2*c. List the prime factors of x.
2, 241
Let y(b) = b**2 + 6*b - 3. Let c be y(-7). Suppose q + 2607 = c*q. What are the prime factors of 5 + (-189)/39 - q/(-13)?
67
Suppose w + 2934 = 3*h, 6*h - 4890 = h + 2*w. Suppose -8*g + 4*g + c = -h, 5*g = -2*c + 1229. What are the prime factors of g?
5, 7
Suppose -6*v = -19*v + 6383. Suppose 20*h + v = 21*h. List the prime factors of h.
491
Let x = -258 - -248. List the prime factors of (-1142)/(-5)*x/(-4).
571
Suppose 5*u + 6*w = w + 45, 0 = 2*u + w - 16. Let d(b) = 5*b - 33. Let p be d(u). Suppose p*n = -5*r + 24, 5*n - 90 = -4*r - r. List the prime factors of n.
2, 11
Suppose -53*z - 48*z = 4*z - 3325980. List the prime factors of z.
2, 7919
Suppose 322 = 7*d + 2744. Let v = d - -712. What are the prime factors of v?
2, 3, 61
Let f(c) = 52*c + 42*c - 28 - 91*c. Let z be f(13). Suppose -8*m + z*m = 627. List the prime factors of m.
11, 19
Suppose -7*w - 3*i + 3064 = -6*w, -5*w + 5*i + 15260 = 0. Let b = w + -2171. List the prime factors of b.
2, 13, 17
Let x(i) = 61*i**2 - 3*i + 6. Let a be x(3). Suppose -7*n + 1771 = a. What are the prime factors of n?
5, 7
Suppose 0 = 3*d - 3*r + 6, -5*d + 1 - 2 = -2*r. Let o(b) = -2 + 2*b**2 + b - d + 0*b + 0. List the prime factors of o(-2).
3
Let l(r) = -2728*r + 2196. List the prime factors of l(-3).
2, 3, 5, 173
Let c be ((-5)/10)/((-1)/(-4)). Let t be (42/(-7))/(3*c/(-6)). What are the prime factors of (t/(-9))/(9/((-20493)/(-6)))?
11, 23
List the prime factors of -2 + (-2 + 8 + -11)*(-5414)/2.
3, 13, 347
Suppose 0 = -276*t + 282*t - 24120. What are the prime factors of t?
2, 3, 5, 67
Suppose -61 = -4*r - 5*i, 3*i = -4*r + 7*i + 52. What are the prime factors of (8/(-10) - -1)/(r/60130)?
859
Let g(m) = 96*m + 952. What are the prime factors of g(-5)?
2, 59
Suppose 0 = 6*m - 502 + 508. Let q(k) = 496*k**2 - 5*k - 5. List the prime factors of q(m).
2, 31
Let h(u) = -9*u - 67. Let o be h(-8). What are the prime factors of 13305/20 + o/(-20)?
5, 7, 19
Let p(f) = 3*f**2 + 43*f + 21. Let z be p(-14). Let u(v) = 2*v**2 + 7*v - 25. What are the prime factors of u(z)?
2, 61
Suppose u = -2*t + 11396, 172*t - 167*t - 5*u = 28490. What are the prime factors of t?
2, 7, 11, 37
What are the prime factors of (-80846)/(-4) - (-73)/146?
2, 31, 163
Suppose s + 6*s 